0*h - 1/8*h**4 + 1/2*h**3. Let d(o) be the second derivative of f(o). What is d(-3)?
12
Let s(r) = -r**3 + 11*r**2 - 12*r + 19. Let b be s(10). Let j(h) = -25*h - 1. Give j(b).
24
Let g(b) be the first derivative of -b**3/3 - 3*b**2/2 - 3*b + 8. Let c(s) = s - 9. Let z be c(7). Determine g(z).
-1
Let s(c) be the third derivative of -c**4/12 - c**3/6 - 5*c**2 - 210. Let d be 2 + 0 + -1 + 0. Give s(d).
-3
Let m(x) = -5*x - 1. Suppose 43*v - 51*v + 32 = 0. Suppose -4*n = o + 5, -3*o + n - 1 = -12. Suppose v = o*g - g. Give m(g).
-11
Let d(k) = 7*k - 1. Let w = 247 - 246. Give d(w).
6
Let g be 3 + ((-216)/32 - 1/4). Let o(u) = -u**3 - 4*u**2 - u + 1. Calculate o(g).
5
Suppose 0 = 18*o - 13*o + 45. Let t(j) = j**3 + 9*j**2 + 4*j + 11. Calculate t(o).
-25
Let p(t) = -4*t**2 + t - 4. Let i(z) = -13*z**2 + 3*z - 11. Let w(g) = -3*i(g) + 8*p(g). Suppose x + 38 = 34. Let h be 4 + (-15)/(x + 9). What is w(h)?
7
Suppose p = -0*p + 4. Suppose -4 = -4*a + p. Let h(f) = -5 + 2*f - f**2 + a + 5*f - 3*f. Give h(3).
0
Let l(s) = -s**3 + 6*s**2 + 4*s - 6. Let y(t) = -6*t - 24. Let w be y(-5). What is l(w)?
18
Let z(p) be the first derivative of p**3/3 + 3*p**2/2 - 7*p + 74. Give z(-5).
3
Suppose 0 = 2*n - 3*n + 4. Let z(h) = n*h - 6*h**2 + 8 + h + h**3 - 5*h. Determine z(6).
8
Let l(c) be the second derivative of 2*c**3/3 + 9*c**2/2 + 381*c. Calculate l(9).
45
Let g(w) = w**2 - 7*w + 8. Let z be (-630)/(-108) + 2/12. What is g(z)?
2
Let n(b) = -2*b**2 - b - 1. Let g be (-928)/174 - (-14)/6. Give n(g).
-16
Let c(t) = 7*t**3 + t**2 + 7*t + 6. Let f(g) = 4*g**3 + 4*g + 3. Let v(q) = 3*c(q) - 5*f(q). Let j be (1 + 0)*2/2. Let l be 5*j/((-10)/6). Calculate v(l).
0
Let d = 172 + -173. Let m(x) = 6*x**3 - 2*x**2 + x. Let h be m(1). Let i(y) = 2 + 4 - 7 + y**2 + h*y**3. Calculate i(d).
-5
Let z(u) be the second derivative of 7*u**3/6 - u**2/2 + 24*u. Give z(3).
20
Let k(m) = -m**2 + 8*m - 5. Let s be 104/10 + (-26)/65. Suppose 5*r + 40 = s*r. Determine k(r).
-5
Let u(f) = f**2 - 9*f - 6. Let r be 0 + (11 - (6 - 6)). Calculate u(r).
16
Let g(d) = -2*d - 1. Let z(v) = 2*v + 2. Let x be z(0). Suppose -3*m + x*m = 4*p - 12, 0 = 3*p + 5*m - 26. Let r be (-32)/16*1/p. Determine g(r).
1
Suppose -5*g + g = -8. Let b(q) = -q**2 + 3*q + 7*q**2 + g - 7*q**2. Suppose 6 = o - 0*t + 3*t, 0 = o + 5*t - 8. Give b(o).
2
Let i(z) = -24*z + 46. Let d(v) = -6*v + 11. Let x(q) = 9*d(q) - 2*i(q). Give x(2).
-5
Let i(k) be the second derivative of k**5/10 + k**4/12 - k**2/2 - 2*k. Let c = -738 - -739. Calculate i(c).
2
Let r(g) = 52*g**2 - g - 8. Let t(a) = -107*a**2 + 2*a + 18. Let u(c) = -9*r(c) - 4*t(c). What is u(-1)?
-41
Let x(p) = p**2 - 11*p + 12. Let w be x(9). Let q(y) = y**3 + 10*y**2 - y - 8. Let i(h) = -2*h**3 - 19*h**2 + 16. Let l(d) = 3*i(d) + 5*q(d). Calculate l(w).
2
Let m(h) = -h**3 - 39 + 25 + 19 + 9*h**2 + 2*h. Determine m(9).
23
Let d(q) = -q + 3. Let t(u) be the second derivative of -u**3/6 - u**2 - 13*u. Let j be t(-5). Give d(j).
0
Let x(u) be the third derivative of u**4/24 + 2*u**3/3 + 3*u**2. Let h be x(-9). Let c(v) = -v**3 - 5*v**2 + v + 6. Calculate c(h).
1
Let x(r) be the second derivative of -r**3/6 + r**2/2 + 2*r. Let i be 3 - (-4 + 4) - 2. Let b be -3 + (8 + -4)/i. What is x(b)?
0
Let h(z) = 6*z**3 + z + 1. Let x(v) = 13*v**3 + 6*v**2 - 2*v - 8. Let b(s) = -2*h(s) + x(s). Calculate b(-6).
14
Let u be (-18)/(-45) - (-83)/5. Let f = 23 - u. Suppose -2*p = -f*p - 4. Let t(d) = 6*d**2 - 1. Calculate t(p).
5
Suppose 2*m + 24 = 28. Let t be (m + -1 - 4) + 8. Let b(a) = a**2 - 6*a + 3. Calculate b(t).
-2
Let s(u) be the third derivative of -17*u**2 - 1/12*u**4 + 0*u + 0 - 1/3*u**3. What is s(-6)?
10
Suppose -40*t = -37*t - 21. Let x(f) = -f + 7. Give x(t).
0
Let p be 1*(-21)/(-14)*10/(-3). Let k(z) = 2*z**3 + 9*z**2 - 7*z. Give k(p).
10
Let h(d) be the third derivative of -d**5/60 + 7*d**4/24 + d**3/2 - 5*d**2 - 2. Determine h(7).
3
Let a = 564 - 546. Let n(g) = g**2 - 16*g - 19. Calculate n(a).
17
Let b(r) = 5 - 2*r + 3*r + 5. Let f(k) = -3*k**2 - 23*k - 54. Let m be f(-4). What is b(m)?
0
Let k(m) = 14*m - 9 - 32*m + 6*m + 13*m. Let t(d) = 7*d**3 - 2*d**2 + 2*d - 1. Let a be t(1). Calculate k(a).
-3
Suppose 0 = 2*o - 1 - 3. Let m = -3 + o. Let d(f) = 15*f - 2. Let t(n) = -71*n + 9. Let l(i) = 9*d(i) + 2*t(i). Determine l(m).
7
Let r(a) be the second derivative of -a**5/20 - a**4/2 + 4*a**3/3 + 2*a**2 - a. Let o = -9251 - -9244. Give r(o).
-3
Let g(q) = 6*q + 17*q**2 - 8*q**2 - 9*q**2 + 8 - q**2 - 2*q. Calculate g(5).
3
Let q be (-8)/2 - (1 + -401)/4. Suppose -4*m + q = 104. Let v(j) be the third derivative of j**4/6 - j**3/3 + j**2. What is v(m)?
-10
Let b(f) = f**2 + f + 1. Let z be (-4 + 1)*10/3. Let i(n) = 7*n + 1. Let t(x) = -5*x + 18. Let k(j) = i(j) + t(j). Let r be k(z). Calculate b(r).
1
Let s(f) = f**2 - 3*f - 2. Let q be s(4). Suppose 0 = o + r + 7, -o + 22 = -q*o - 4*r. Let x(v) = 3 + 5*v - 1 - 1 - 3*v. Calculate x(o).
-3
Let c(j) = -11*j - 5. Suppose 5*q + 55 = 2*d + 3*d, -3*d - 3*q + 57 = 0. Let t(l) = -d*l - 4 + 12*l - 8*l. Let x(v) = 3*c(v) - 4*t(v). Give x(1).
12
Let a(k) be the first derivative of -7 - 9*k + 1/3*k**3 - 7/2*k**2. Calculate a(8).
-1
Let m(p) = -p**3 - p**2 + 3*p + 5. Suppose -5*i - 7 = 2*a + 7, 4*i = -8. Calculate m(a).
3
Let f(x) = 566 - 59*x - 527 + 61*x. What is f(-21)?
-3
Let r(z) = -z - 15. Let q = -335 + 319. Determine r(q).
1
Let t(l) = l**2 - 8*l + 8. Let q be (29 + -1)*17/68. Suppose 3*m + 4*m - q = 0. Let d = 5 + m. What is t(d)?
-4
Let w(b) be the second derivative of 1/6*b**3 + 0 - 1/2*b**2 + 17*b. Determine w(-5).
-6
Let g(s) be the first derivative of -s**3/2 - 5*s**2/2 - 2*s - 5. Let n(w) be the first derivative of g(w). Let f = 0 - 4. Determine n(f).
7
Let x(f) be the second derivative of 10*f - 1/3*f**4 - 1/20*f**5 + 1/3*f**3 + 0 + f**2. What is x(-2)?
-10
Let a(l) = -2*l + 9. Suppose -4*m = -0*m - 8, 28 = 2*b + 3*m. Let s(w) = -4*w + 3. Let q be s(2). Let g = b + q. Determine a(g).
-3
Let k(y) be the second derivative of -5*y**3/6 - 5*y**2/2 + 240*y. What is k(-8)?
35
Let z(b) = -2*b + 6. Let d(m) = -m**3 + m**2 + m. Let p(a) = -4*a**3 - 25*a**2 + 33*a + 36. Let r(s) = -5*d(s) + p(s). Let h be r(29). Give z(h).
-8
Let f(o) = 0 + 3 - 2 + o. Let x be 2/(-6) - (-13)/3. Suppose -3*j + 5*j = x. Calculate f(j).
3
Let i be (-58)/12 - (-55)/(-330). Let x(n) = n + 5. What is x(i)?
0
Let w(s) = 42829*s + 1 + 42825*s + s**2 - 85652*s. Let j(k) = k + 3. Let u be j(-4). What is w(u)?
0
Let m be (1*-3 + 0)*(-96)/72. Let w be (-6)/9 - (-10)/15. Let t(u) = u**3 - 29*u + 32*u + w*u**2 - 6 - 4*u**2. Calculate t(m).
6
Let w(i) = 2439*i**2 + 2*i - i - 2438*i**2 - 1. Suppose -2*t - 3*l - 29 = 0, 4*t - 3*l = t - 6. Let p = t - -5. Calculate w(p).
1
Let u(j) = -2 - 2*j - j + 5. Let o(q) = -q**3 + 16*q**2 - 12*q - 43. Let g be o(15). Calculate u(g).
-3
Let w(l) = 7*l**2 + 6*l + 6*l - l - 2 - 12*l - l**3 - 3. Give w(7).
-12
Let n(o) = o**2 + 7*o + 5. Let y be n(-5). Let c(g) = -g**3 - 5*g**2 + 2*g. Determine c(y).
-10
Let c(y) = -18*y + 9 - 5 + 2 - 6 + 1. What is c(1)?
-17
Suppose -3*d - 28 = -2*v, 6*d - 10*d + v - 29 = 0. Let m(s) = -s**2 - 3*s + 1. What is m(d)?
-17
Let r(p) be the second derivative of p**4/12 + 2*p**2 + 76*p. Determine r(-3).
13
Let j(i) = -i**2 - i + 2. Let w be j(-3). Let k(y) = 15*y**2 + 10*y - 1. Let p(c) = 7*c**2 + 5*c. Let f(o) = -6*k(o) + 13*p(o). What is f(w)?
2
Let y be ((-72)/45)/(-8)*-65. Let k(d) = -d - 17. Calculate k(y).
-4
Let w(x) = x**2 + 3*x - 2. Let q(j) = 2*j**2 - 3*j + 4. Let y(c) = -q(c) + w(c). Determine y(6).
-6
Let u(j) = -2*j**3 + j**2 + j - 1. Suppose 0 = 5*h + 13 - 3. Let b = 0 - h. Suppose -7*l = -5*l - b. Calculate u(l).
-1
Let s(f) = -5*f - 1. Let p = -3 - -5. Suppose -4*v + 5*w + 23 = 0, -p*w + 5 = 4*v + 3. Suppose 5*r - 3*q - 10 = 0, -r - 2*q = v*r + 13. Give s(r).
4
Let r(c) be the third derivative of -10*c**2 + 0*c + 1/24*c**4 + 0 + c**3. Let q be r(0). Let h(k) = -k**2 + 8*k + 4. Give h(q).
16
Let t(n) = 4*n - 12. Suppose -b - 2571 + 2565 = 0. Calculate t(b).
-36
Let v(o) be the second derivative of 0 + 11/2*o**2 - 1/6*o**3 - 24*o. Determine v(6).
5
Let t(n) be the first derivative of -n**4/12 - n**2 + 12*n + 33. Let m(b) be the first derivative of t(b). Give m(3).
-11
Suppose -4*